-104 - c. Let r = y + 50. List the prime factors of r.
3, 29
Let n(a) = 56 - 5 + 3*a**2 + 6*a - 2*a**2 + 14. What are the prime factors of n(16)?
3, 139
Suppose -14*b + 27*b = -78. What are the prime factors of 309 + 5/10*b?
2, 3, 17
Let v = -514 + 518. List the prime factors of 1565/3 + ((-96)/36)/v.
521
Let l(d) = -14*d**2 + 3*d + 1. Let q be l(-1). Let j be (76/q + 4)*-4. List the prime factors of (-192)/(j/6 - (-12)/(-8)).
2, 3
Let z(j) = 3*j**2 - 14*j + 6. Suppose 25*d - 60 = 29*d. List the prime factors of z(d).
3, 11
Let x(f) = 257*f + 62. Let t be x(-6). Let w = -711 - t. What are the prime factors of w?
769
Suppose 0*v + 3*v + 4*o - 10214 = 0, o = -4*v + 13636. Suppose 9*g = 20*g - v. List the prime factors of g.
2, 5, 31
Let h = 409 - 182. Suppose -4*t + y = -969, -y - 256 = -2*t + h. Suppose -5*q = -768 + t. What are the prime factors of q?
3, 5, 7
Suppose 0 = -39*h + 30*h + 210078. Suppose 15*n + 4832 = h. List the prime factors of n.
2, 617
Suppose 6*b - 59347 = 8741. List the prime factors of b.
2, 2837
Let h(l) = l**2 - 11*l - 39. Let g be h(14). Suppose 2*n - 526 = 3*o + o, -5*n - g*o + 1328 = 0. What are the prime factors of n?
5, 53
Let v(a) = 665*a**2 - 24*a + 51. List the prime factors of v(3).
2, 3, 7, 71
Let m(u) = 15*u**2 - 3*u. Let h be (-68)/(-7) - 8/(-28). Suppose -o + 2*o - h = 3*n, -8 = 2*n. List the prime factors of m(o).
2, 3, 11
Let a = 376 + -373. Suppose 1047 = -c + 3*c - a*k, 5*k = 3*c - 1568. List the prime factors of c.
3, 59
Suppose -532*l - 376792 = -545*l. What are the prime factors of l?
2, 3623
Suppose 169276 = 4*f + 5*j, -216550 = -4*f - 4*j - 47270. What are the prime factors of f?
2, 3, 3527
Let q(u) = -23*u + 101. Let x be q(4). Let d = 150 - x. List the prime factors of d.
3, 47
Let j be 2943/(-117) - 4/(-26). List the prime factors of (5/(35/3234))/((-10)/j).
3, 5, 7, 11
What are the prime factors of (-2)/((42/(-8826))/(-7)*-1)?
2, 1471
Suppose -4*y + 3*i - 490 = i, -5*y + 3*i = 615. Suppose -3*h = -5*z + 3*z + 450, -3*z = 0. Let m = y - h. List the prime factors of m.
2, 3, 5
Suppose -2768 + 764 = -12*i. Let x = 324 - i. What are the prime factors of x?
157
What are the prime factors of (16/((-960)/(-285)))/((-1)/(-652))?
19, 163
Let a = 8608 - 3383. List the prime factors of a.
5, 11, 19
Let p = 3 + 11. Let k be -3 + p - (-4 + 0). List the prime factors of (-1)/(-3) + 1285/k.
2, 43
Let z(l) = -303*l**2 + 303*l**2 + l + 2*l**3. Let i be z(4). List the prime factors of -78*(1/(-4) - 319/i).
2, 13
Let w(u) = 1098*u**2 - 24*u - 85. List the prime factors of w(-4).
17579
Let i(t) be the first derivative of 4*t**3 + 41*t + 66. List the prime factors of i(6).
11, 43
Let l be 12/3 - (-9 - -5). Suppose 0 = -l*p + 193 + 1143. List the prime factors of p.
167
Suppose z - j - 1045 = 0, -5*j + 6*j + 3131 = 3*z. List the prime factors of z.
7, 149
Let w(g) = -3*g - 6. Let v be w(-2). Suppose v*x + a = x + 44, -3*a = 2*x + 63. Let q = x + 49. List the prime factors of q.
2, 5
What are the prime factors of (-1610)/(-1449) - (-1171148)/36?
32533
Let v(m) = -m**2 - 7*m + 37. Let u be v(-10). List the prime factors of u/(-56)*-4*554.
277
Suppose 3*c - 7 - 2 = 0. Let w be c + -39 + 15/3. Let y = w - -82. What are the prime factors of y?
3, 17
Suppose 1050 = 336*v - 330*v. What are the prime factors of v?
5, 7
List the prime factors of (1722/(-30) + -3)/((-5)/1150).
2, 23, 151
List the prime factors of 8/(-14) - -3631*(-10)/(-14).
2593
Let r(z) = z**2 + z + 45. Suppose 2*p - 4*p + 2 = 0. Let q be 0*2/(-2)*p. What are the prime factors of r(q)?
3, 5
Let v(g) = -g**3 + 18*g**2 + 2*g - 8. Let y be (-12)/(-15) - (-26)/5. Suppose n - 52 = -3*l, -l + y*n + 24 = 3*n. What are the prime factors of v(l)?
2, 7
Suppose -5*d + 1080 = 5*w, -4*d - 5*w - 616 = -7*d. Let o = 951 - d. What are the prime factors of o?
739
Let y = -53 - -62. Suppose -9*q + 54 = y. Suppose -4*c - 121 = -h - 731, q*c + 2*h = 769. What are the prime factors of c?
3, 17
Let u = 111 - 69. Suppose 0*h = -h + 217. Suppose 3*z - 2*i = h, z = i + 31 + u. List the prime factors of z.
71
Let f = 25872 - 14248. What are the prime factors of f?
2, 1453
Let r(s) = 1343*s**2 - 16*s + 44. Let y be r(3). Suppose -28*u - 15*u + y = 0. What are the prime factors of u?
281
Suppose -3*a + 8 + 46 = 0. Let b(i) = -i**3 + 17*i**2 + 22*i - 6. Let d be b(a). Suppose 2*n - d = 100. List the prime factors of n.
83
Suppose -2079 + 277 = -17*g. Let o(x) = x**2 + 4*x + 4. Let m be o(-4). Let c = m + g. What are the prime factors of c?
2, 5, 11
Let g be 39/3*(7 + 1)/(-8). Let v = g - -280. List the prime factors of v.
3, 89
Let w = 17341 - 8500. What are the prime factors of w?
3, 7, 421
Suppose 0 = 4*g, 5*f - g = 7*f - 19332. List the prime factors of f.
2, 3, 179
Suppose -4*g + 67611 = -w, -3*g = 1433*w - 1437*w - 50718. What are the prime factors of g?
2, 3, 313
Let g(t) = -18 - 21 + 54 - 21 + 3*t. Let o be g(7). Let i(w) = -w**3 + 16*w**2 - 7*w + 14. What are the prime factors of i(o)?
2, 67
Suppose 0 = -4*v - 4*c + 39812, -5*v - 23*c + 49735 = -24*c. List the prime factors of v.
2, 3, 829
Let p = 81143 - 55808. List the prime factors of p.
3, 5, 563
Let v(r) = 5*r**3 - 45*r**2 - 59*r - 77. Let t(d) = d**3 + 1. Let q(g) = 4*t(g) - v(g). List the prime factors of q(46).
7, 97
Suppose 2270 = -11*x + 65146. Let t = x + -4035. List the prime factors of t.
41
Suppose 0 = 7*k - 6*k - 5. Let w = k + 32. Let a = w - -2. List the prime factors of a.
3, 13
Let l(q) = -3*q + 2*q + 2*q + 20 - 21 + q**2. Let t(f) = -4*f**2 + 6*f - 2. Let m(a) = 4*l(a) - t(a). What are the prime factors of m(-2)?
2, 17
Suppose 20*k - 18*k - 3168 = 0. Let p = -743 + k. What are the prime factors of p?
29
Suppose 3*p - 5*n = 14, -8*p = -10*p - 4*n + 2. Suppose -3 = -a - 1. List the prime factors of a/(-1) - (-56 - (1 - p)).
2, 13
Let r = 45727 + -26449. List the prime factors of r.
2, 3, 7, 17
Let c be ((-4)/16*17)/((-3)/(-12)). Let x(p) = -5*p + 8. Let k be x(c). Suppose 6*v - 4*v - 210 = -4*l, -v + k = -4*l. List the prime factors of v.
101
Let y = 218 - 108. Let h = y - 106. Suppose h*f + 597 = 3*m + 2*f, -2*m - 4*f + 398 = 0. List the prime factors of m.
199
Let i(w) = 60*w - 19. Suppose 0 = -2*j + 4*v + 16, 2*j - 4*v - 6 = -5*v. List the prime factors of i(j).
13, 17
Let g = -48 + 48. Suppose g = 3*m - 472 - 518. What are the prime factors of m?
2, 3, 5, 11
What are the prime factors of (819357/132 + -27)*(1 - -7)?
2, 59, 419
Let z = -36 - -41. Suppose -b = -3*t + 13, -t - z*b = 4*t - 15. Suppose 3*p - 298 = -4*f, f + 229 = t*f + 5*p. List the prime factors of f.
73
Suppose 3 = -35*l + 36*l. List the prime factors of 3 + 9808/14 + l/7.
2, 11
Let t(d) = -3*d + 25. Let n be t(-9). Suppose 0 = 24*w - n*w + 25060. What are the prime factors of w?
5, 179
Let s = -1976 - -2015. What are the prime factors of s?
3, 13
Let c(l) = l**3 - 4*l**2 + 17*l - 1. Suppose 5*j + 3*j + 40 = 0. Let x be (1 - j)*((-18)/3 - -7). List the prime factors of c(x).
173
Suppose 4*f = 2*n - 2354, -5*n - 3*f + 7870 - 1920 = 0. What are the prime factors of n?
1187
Let x = 32 + -30. Suppose 329 = x*s - 0*i + i, -5*i = 2*s - 309. What are the prime factors of s?
167
Let r be (8/6)/(78/(-819)). List the prime factors of (-28)/8*192/r.
2, 3
Suppose 72340 = 3*j - 4*i, 103*j - 4*i = 105*j - 48240. What are the prime factors of j?
2, 6029
Suppose 0 = 5*b + k - 148 + 17, 54 = 2*b + 2*k. Suppose -2*d = 2*m - b, 0*d - 4*d + m + 47 = 0. List the prime factors of (-2 + (-812)/d)/(4/(-12)).
11, 19
Let d = 10 + 282. Let w = 533 - 529. Suppose -w*b = -0*b - d. What are the prime factors of b?
73
Let f = -23 - -38. Suppose -12 = -f*l + 14*l. Suppose -l*g + 807 + 381 = 0. List the prime factors of g.
3, 11
Let g = 2667 - 989. Suppose -5*o = -632 - g. List the prime factors of o.
2, 3, 7, 11
What are the prime factors of (63/15 + -5)/((-144329)/(-72165) + -2)?
2, 3, 17, 283
Let h(u) = u**3 - 30*u**2 + 121*u + 54. List the prime factors of h(28).
2, 937
Let o be (-138)/42 + 2/7. List the prime factors of (105/(-28))/(o/132).
3, 5, 11
Let b be 1/(-3) + (-27)/(-81) - -12. List the prime factors of (81/b)/((-16)/(-2560)).
2, 3, 5
Suppose 4*b = -4*q + 26136, 133*q - 32678 = 128*q + 3*b. List the prime factors of q.
5, 1307
Suppose 2*d - 5*d + 22 = 4*v, 0